{"version":"1.0","provider_name":"CEC","provider_url":"https:\/\/www.cecrosario.gob.ar","author_name":"Magali Drivet","author_url":"https:\/\/www.cecrosario.gob.ar\/index.php\/author\/maguidrivet\/","title":"Novena edici\u00f3n de MicroFeria de Arte - CEC","type":"rich","width":600,"height":338,"html":"<blockquote class=\"wp-embedded-content\" data-secret=\"lwZJqLNEEj\"><a href=\"https:\/\/www.cecrosario.gob.ar\/index.php\/events\/novena-edicion-de-microferia-de-arte\/\">Novena edici\u00f3n de MicroFeria de Arte<\/a><\/blockquote><iframe sandbox=\"allow-scripts\" security=\"restricted\" src=\"https:\/\/www.cecrosario.gob.ar\/index.php\/events\/novena-edicion-de-microferia-de-arte\/embed\/#?secret=lwZJqLNEEj\" width=\"600\" height=\"338\" title=\"\u00abNovena edici\u00f3n de MicroFeria de Arte\u00bb \u2014 CEC\" data-secret=\"lwZJqLNEEj\" frameborder=\"0\" marginwidth=\"0\" marginheight=\"0\" scrolling=\"no\" class=\"wp-embedded-content\"><\/iframe><script>\n\/*! This file is auto-generated *\/\n!function(d,l){\"use strict\";l.querySelector&&d.addEventListener&&\"undefined\"!=typeof URL&&(d.wp=d.wp||{},d.wp.receiveEmbedMessage||(d.wp.receiveEmbedMessage=function(e){var t=e.data;if((t||t.secret||t.message||t.value)&&!\/[^a-zA-Z0-9]\/.test(t.secret)){for(var s,r,n,a=l.querySelectorAll('iframe[data-secret=\"'+t.secret+'\"]'),o=l.querySelectorAll('blockquote[data-secret=\"'+t.secret+'\"]'),c=new RegExp(\"^https?:$\",\"i\"),i=0;i<o.length;i++)o[i].style.display=\"none\";for(i=0;i<a.length;i++)s=a[i],e.source===s.contentWindow&&(s.removeAttribute(\"style\"),\"height\"===t.message?(1e3<(r=parseInt(t.value,10))?r=1e3:~~r<200&&(r=200),s.height=r):\"link\"===t.message&&(r=new URL(s.getAttribute(\"src\")),n=new URL(t.value),c.test(n.protocol))&&n.host===r.host&&l.activeElement===s&&(d.top.location.href=t.value))}},d.addEventListener(\"message\",d.wp.receiveEmbedMessage,!1),l.addEventListener(\"DOMContentLoaded\",function(){for(var e,t,s=l.querySelectorAll(\"iframe.wp-embedded-content\"),r=0;r<s.length;r++)(t=(e=s[r]).getAttribute(\"data-secret\"))||(t=Math.random().toString(36).substring(2,12),e.src+=\"#?secret=\"+t,e.setAttribute(\"data-secret\",t)),e.contentWindow.postMessage({message:\"ready\",secret:t},\"*\")},!1)))}(window,document);\n\/\/# sourceURL=https:\/\/www.cecrosario.gob.ar\/wp-includes\/js\/wp-embed.min.js\n<\/script>\n","thumbnail_url":"https:\/\/www.cecrosario.gob.ar\/wp-content\/uploads\/2025\/06\/MicroFeria-011-Guillermo-Turin-Bootello-1-scaled.jpg","thumbnail_width":2560,"thumbnail_height":1707,"description":"Llega a el CEC la novena edici\u00f3n de MicroFeria de Arte de Rosario que reune a treinta y dos galer\u00edas y espacios de arte de todo el pa\u00eds. Adem\u00e1s, este a\u00f1o se puede disfrutar de visitas guiadas, activaciones, charlas, entrega de premios y actividades en toda la ciudad.\u00a0 Del jueves 19 al domingo 22 de junio de 15 a 20 h Entrada libre y gratuita Inauguraci\u00f3n jueves 19 &#8211; 19.30hs. DJ Set Triga Nigga La Secretar\u00eda de Cultura y Educaci\u00f3n de la Municipalidad de Rosario ofrece un espacio a galer\u00edas de arte que resultaron seleccionadas a trav\u00e9s de una convocatoria que fue nacional y abierta bajo el eje curatorial\u00a0\u201cIdiosincrasia\u201d. El objetivo es que las galer\u00edas participantes est\u00e9n abiertas a su entorno, lo que hace que su visibilidad sea \u00f3ptima desde casi cualquier punto del espacio y conformen duplas de \u2018invitadas\/anfitrionas\u2019 para seguir ampliando las redes que postula el programa desde su inicio. Las galer\u00edas Participan de esta edici\u00f3n GALER\u00cdA DE ARTE LOCAL 15 (Rosario) +\u00a0 CASAGALERIA (Salta), Espacio Barraco (Rosario) +\u00a0 P\u00f3lvora (Buenos Aires), Galer\u00eda Grasa (Buenos Aires) +\u00a0 MCMC \/ Herlitzka (Buenos Aires), Galer\u00eda Chorizo (Resistencia) +\u00a0 MOIRAS (Rosario), Rusia\/Galer\u00eda (Tucum\u00e1n) +\u00a0 Consultorio (Tucum\u00e1n), eSTUDIOG (Rosario) +\u00a0 Hotel Inminnete (C\u00f3rdoba), MINA (C\u00f3rdoba) +\u00a0 Drag\u00f3n y Rosas (C\u00f3rdoba), Jamaica ATR Gallery (Rosario) +\u00a0 Moria Galer\u00eda (Buenos Aires), Gabelich\u00a0 Contempor\u00e1neo (Rosario) +\u00a0 Musgo (Buenos Aires), Subsuelo (Rosario) + Linse Galer\u00eda (Buenos Aires), Diego Obligado Galer\u00eda de Arte (Rosario) +\u00a0 Mar\u00eda Casado Home Gallery (Beccar), Desmayo Galer\u00eda (Rosario) +\u00a0 URRA-HIPHiP (Buenos Aires), C\u00e1lamo cultural y galer\u00eda de arte (San Nicol\u00e1s) +\u00a0 Galer\u00edas Bonaerenses (Coronel Su\u00e1rez, Buenos Aires), CRUDO (Rosario) +\u00a0 Un muro (La Rioja), Sala Peluche (Buenos Aires) + Galer\u00eda CasaBrandon (Buenos Aires). Adem\u00e1s, habr\u00e1 una dupla de galer\u00edas invitadas: SASHA D espacio de arte (C\u00f3rdoba) + ALMAC\u00c9N |arte contempor\u00e1neo| (San Nicol\u00e1s). Mi\u00e9rcoles 18 10 h &#8211; Muestra Lugar: Galer\u00eda Darkhaus (Corrientes 267).\u00a0Inspirada en el brutalismo arquitect\u00f3nico presenta la serie\u00a0Oniria\u00a0de mobiliario. Abierta de lunes a viernes de 10 a 18 h, s\u00e1bados 10 a 13 h. 19 h -Inauguraci\u00f3n Lugar: Galer\u00eda Rivoire (C\u00f3rdoba 954 local 7).\u00a0Muestra de arte\u00a0Palitos chinos. Artista: Luz caprile. T\u00e9cnica: acetatos. Curadur\u00eda y texto: Guillermo Fantoni. Jueves 19 15 a 20 h &#8211;\u00a0MicroFeria Lugar: CEC (Paseo de las Artes y el r\u00edo).\u00a0Abierta al p\u00fablico en general con entrada libre y gratuita. 16 h &#8211; Activaci\u00f3n Lugar: CEC (Paseo de las Artes y el r\u00edo).\u00a0Zona stands.\u00a0ALMAC\u00c9N |arte contempor\u00e1neo| La galer\u00eda presenta su editorial\u00a0dedicada a los libros contempor\u00e1neos con el objetivo de transmitir la importancia del registro escrito en el campo de las artes visuales. 17 h &#8211;\u00a0Visita guiada Lugar: CEC (Paseo de las Artes y el r\u00edo). Punto de encuentro: Auditorio.\u00a0\u00bfQu\u00e9 es MicroFeria?\u00a0Actividad gratuita para el p\u00fablico en general. 19:30 h &#8211;\u00a0Acto de apertura MicroFeria Lugar: CEC (Paseo de las Artes y el r\u00edo).\u00a0Se presentar\u00e1 la programaci\u00f3n para los d\u00edas de feria y se podr\u00e1 disfrutar de un dj set. Viernes 20 11 h &#8211;\u00a0\u00a0Activaci\u00f3n Lugar: Biblioteca y Archivo Am\u00e9rica Elda Nancy (Espa\u00f1a 2045).\u00a0\u00a0La biblioteca festeja 5 a\u00f1os\u00a0con\u00a0La Dealer\u00a0de Santa Fe + la instalaci\u00f3n, ensamble de obras y libros, y lectura perform\u00e1tica + presentaci\u00f3n de una nueva y especial edici\u00f3n de la biblioteca + proyecci\u00f3n de Creadores de Im\u00e1genes Nodo Rosario + talleres + barrita de cerveza. 15 a 20 h &#8211;\u00a0MicroFeria Lugar: CEC (Paseo de las Artes y el r\u00edo).\u00a0Abierta al p\u00fablico en general con entrada libre y gratuita. 15:30 h &#8211; Radio en vivo Lugar: CEC (Paseo de las Artes y el r\u00edo). Cobertura en vivo de lacanciondelpais.com.ar desde Microferia. Bernardo Maison (Perry) y Maite Acosta junto a artistas visuales y galeristas invitados. 16 h &#8211;\u00a0Activaci\u00f3n Lugar: CEC (Paseo de las Artes y el r\u00edo).\u00a0Zona auditorio.\u00a0Peluche presenta su sala\u00a0como espacio\/obra alternativa frente al ataque contra los espacios p\u00fablicos y privados de arte. 17 h &#8211;\u00a0Visita guiada Lugar: CEC (Paseo de las Artes y el r\u00edo). Punto de encuentro: Auditorio.\u00a0\u00bfQu\u00e9 es una feria de arte contempor\u00e1neo?\u00a0Actividad gratuita para el p\u00fablico en general. 18 h &#8211; Charla Lugar: CEC (Paseo de las Artes y el r\u00edo). Zona Auditorio. Siestario. Pabell\u00f3n de Argentina en la Bienal de Venecia 2025. Marco Zampieron y Sof\u00eda Desuque. El pabell\u00f3n se presenta como una oda a la ruptura moment\u00e1nea de la rutina, un refugio donde el tiempo se diluye. Resignifica el valor de la siesta. 19 h &#8211;\u00a0Presentaci\u00f3n de libro Lugar: CEC (Paseo de las Artes y el r\u00edo). Zona Stand de Galer\u00eda Jamaica.\u00a0Perdura en m\u00ed la lejan\u00eda\u00a0sobre la obra de Luis Ouvrard, junto a Calvaresi y T.R.I.P.A. 20 h &#8211;\u00a0Activaci\u00f3n Lugar: Diego Obligado Galer\u00eda de Arte (G\u00fcemes 2255).\u00a0Exposici\u00f3n 1992. Artistas: Andrea Ostera, Anselmo Piccoli, Jorge Vila Ortiz. Curadur\u00eda: Clarisa Appendino 22 h &#8211;\u00a0Activaci\u00f3n Lugar: Subsuelo (Balcarce 238). Presentaci\u00f3n de la Carpeta Gr\u00e1fica Rosa Aragone + Brindis. Entrada libre y gratuita. S\u00e1bado 21 10 h &#8211;\u00a0Activaci\u00f3n Lugar: Galer\u00eda de Arte Local 15 (Pasaje Pan &#8211; C\u00f3rdoba 954).\u00a0Bodeg\u00f3n\u00a0de Juan Balaguer, desayuno y muestra de trastienda. Conversaci\u00f3n con artistas. 11 h &#8211; Activaci\u00f3n Lugar: Galer\u00eda Gabelich Contempor\u00e1neo (San Juan 911). Muestra Una nube rosa de dibujos, artistas varios + brunch. 15 a 20 h &#8211;\u00a0MicroFeria Lugar: CEC (Paseo de las Artes y el r\u00edo).\u00a0Abierta al p\u00fablico en general con entrada libre y gratuita. 16 h &#8211;\u00a0\u00a0Activaci\u00f3n Espacio Sacco Lugar: CEC (Paseo de las Artes y el r\u00edo).\u00a0Mesa de\u00a0estampado en serigraf\u00eda\u00a0(gr\u00e1fica y textil) de la obra de la artista Julia Bartulovich junto al Taller de Grabado I (Comisi\u00f3n A) de la Escuela de Bellas Artes, FHUMyA, UNR. Quienes deseen participar pueden traer una prenda o algo para estampar. Actividad gratuita para el p\u00fablico en general. 17 h &#8211;\u00a0Visita guiada Lugar: CEC (Paseo de las Artes y el r\u00edo). Punto de encuentro: Auditorio.\u00a0\u00bfCu\u00e1nto cuesta una obra?\u00a0Actividad gratuita para el p\u00fablico en general. 18 h &#8211; Entrega de premios Lugar: CEC (Paseo de las Artes y el r\u00edo). Zona Auditorio. Se realizar\u00e1 un acto de entrega de Premio in situ y Premio Pascual. 18 h &#8211; Encuentro de CaFe: Calendario Feria Lugar: CEC (Paseo de las Artes y el r\u00edo).\u00a0Zona auditorio. Representantes de las ferias de arte del pa\u00eds"}

Novena edición de MicroFeria de Arte - CEC

<blockquote class="wp-embedded-content" data-secret="lwZJqLNEEj"><a href="https://www.cecrosario.gob.ar/index.php/events/novena-edicion-de-microferia-de-arte/">Novena edición de MicroFeria de Arte</a></blockquote><iframe sandbox="allow-scripts" security="restricted" src="https://www.cecrosario.gob.ar/index.php/events/novena-edicion-de-microferia-de-arte/embed/#?secret=lwZJqLNEEj" width="600" height="338" title="«Novena edición de MicroFeria de Arte» — CEC" data-secret="lwZJqLNEEj" frameborder="0" marginwidth="0" marginheight="0" scrolling="no" class="wp-embedded-content"></iframe><script>
/*! This file is auto-generated */
!function(d,l){"use strict";l.querySelector&&d.addEventListener&&"undefined"!=typeof URL&&(d.wp=d.wp||{},d.wp.receiveEmbedMessage||(d.wp.receiveEmbedMessage=function(e){var t=e.data;if((t||t.secret||t.message||t.value)&&!/[^a-zA-Z0-9]/.test(t.secret)){for(var s,r,n,a=l.querySelectorAll('iframe[data-secret="'+t.secret+'"]'),o=l.querySelectorAll('blockquote[data-secret="'+t.secret+'"]'),c=new RegExp("^https?:$","i"),i=0;i<o.length;i++)o[i].style.display="none";for(i=0;i<a.length;i++)s=a[i],e.source===s.contentWindow&&(s.removeAttribute("style"),"height"===t.message?(1e3<(r=parseInt(t.value,10))?r=1e3:~~r<200&&(r=200),s.height=r):"link"===t.message&&(r=new URL(s.getAttribute("src")),n=new URL(t.value),c.test(n.protocol))&&n.host===r.host&&l.activeElement===s&&(d.top.location.href=t.value))}},d.addEventListener("message",d.wp.receiveEmbedMessage,!1),l.addEventListener("DOMContentLoaded",function(){for(var e,t,s=l.querySelectorAll("iframe.wp-embedded-content"),r=0;r<s.length;r++)(t=(e=s[r]).getAttribute("data-secret"))||(t=Math.random().toString(36).substring(2,12),e.src+="#?secret="+t,e.setAttribute("data-secret",t)),e.contentWindow.postMessage({message:"ready",secret:t},"*")},!1)))}(window,document);
//# sourceURL=https://www.cecrosario.gob.ar/wp-includes/js/wp-embed.min.js
</script>

Llega a el CEC la novena edición de MicroFeria de Arte de Rosario que reune a treinta y dos galerías y espacios de arte de todo el país. Además, este año se puede disfrutar de visitas guiadas, activaciones, charlas, entrega de premios y actividades en toda la ciudad.  Del jueves 19 al domingo 22 de junio de 15 a 20 h Entrada libre y gratuita Inauguración jueves 19 &#8211; 19.30hs. DJ Set Triga Nigga La Secretaría de Cultura y Educación de la Municipalidad de Rosario ofrece un espacio a galerías de arte que resultaron seleccionadas a través de una convocatoria que fue nacional y abierta bajo el eje curatorial “Idiosincrasia”. El objetivo es que las galerías participantes estén abiertas a su entorno, lo que hace que su visibilidad sea óptima desde casi cualquier punto del espacio y conformen duplas de ‘invitadas/anfitrionas’ para seguir ampliando las redes que postula el programa desde su inicio. Las galerías Participan de esta edición GALERÍA DE ARTE LOCAL 15 (Rosario) +  CASAGALERIA (Salta), Espacio Barraco (Rosario) +  Pólvora (Buenos Aires), Galería Grasa (Buenos Aires) +  MCMC / Herlitzka (Buenos Aires), Galería Chorizo (Resistencia) +  MOIRAS (Rosario), Rusia/Galería (Tucumán) +  Consultorio (Tucumán), eSTUDIOG (Rosario) +  Hotel Inminnete (Córdoba), MINA (Córdoba) +  Dragón y Rosas (Córdoba), Jamaica ATR Gallery (Rosario) +  Moria Galería (Buenos Aires), Gabelich  Contemporáneo (Rosario) +  Musgo (Buenos Aires), Subsuelo (Rosario) + Linse Galería (Buenos Aires), Diego Obligado Galería de Arte (Rosario) +  María Casado Home Gallery (Beccar), Desmayo Galería (Rosario) +  URRA-HIPHiP (Buenos Aires), Cálamo cultural y galería de arte (San Nicolás) +  Galerías Bonaerenses (Coronel Suárez, Buenos Aires), CRUDO (Rosario) +  Un muro (La Rioja), Sala Peluche (Buenos Aires) + Galería CasaBrandon (Buenos Aires). Además, habrá una dupla de galerías invitadas: SASHA D espacio de arte (Córdoba) + ALMACÉN |arte contemporáneo| (San Nicolás). Miércoles 18 10 h &#8211; Muestra Lugar: Galería Darkhaus (Corrientes 267). Inspirada en el brutalismo arquitectónico presenta la serie Oniria de mobiliario. Abierta de lunes a viernes de 10 a 18 h, sábados 10 a 13 h. 19 h -Inauguración Lugar: Galería Rivoire (Córdoba 954 local 7). Muestra de arte Palitos chinos. Artista: Luz caprile. Técnica: acetatos. Curaduría y texto: Guillermo Fantoni. Jueves 19 15 a 20 h &#8211; MicroFeria Lugar: CEC (Paseo de las Artes y el río). Abierta al público en general con entrada libre y gratuita. 16 h &#8211; Activación Lugar: CEC (Paseo de las Artes y el río). Zona stands. ALMACÉN |arte contemporáneo| La galería presenta su editorial dedicada a los libros contemporáneos con el objetivo de transmitir la importancia del registro escrito en el campo de las artes visuales. 17 h &#8211; Visita guiada Lugar: CEC (Paseo de las Artes y el río). Punto de encuentro: Auditorio. ¿Qué es MicroFeria? Actividad gratuita para el público en general. 19:30 h &#8211; Acto de apertura MicroFeria Lugar: CEC (Paseo de las Artes y el río). Se presentará la programación para los días de feria y se podrá disfrutar de un dj set. Viernes 20 11 h &#8211;  Activación Lugar: Biblioteca y Archivo América Elda Nancy (España 2045).  La biblioteca festeja 5 años con La Dealer de Santa Fe + la instalación, ensamble de obras y libros, y lectura performática + presentación de una nueva y especial edición de la biblioteca + proyección de Creadores de Imágenes Nodo Rosario + talleres + barrita de cerveza. 15 a 20 h &#8211; MicroFeria Lugar: CEC (Paseo de las Artes y el río). Abierta al público en general con entrada libre y gratuita. 15:30 h &#8211; Radio en vivo Lugar: CEC (Paseo de las Artes y el río). Cobertura en vivo de lacanciondelpais.com.ar desde Microferia. Bernardo Maison (Perry) y Maite Acosta junto a artistas visuales y galeristas invitados. 16 h &#8211; Activación Lugar: CEC (Paseo de las Artes y el río). Zona auditorio. Peluche presenta su sala como espacio/obra alternativa frente al ataque contra los espacios públicos y privados de arte. 17 h &#8211; Visita guiada Lugar: CEC (Paseo de las Artes y el río). Punto de encuentro: Auditorio. ¿Qué es una feria de arte contemporáneo? Actividad gratuita para el público en general. 18 h &#8211; Charla Lugar: CEC (Paseo de las Artes y el río). Zona Auditorio. Siestario. Pabellón de Argentina en la Bienal de Venecia 2025. Marco Zampieron y Sofía Desuque. El pabellón se presenta como una oda a la ruptura momentánea de la rutina, un refugio donde el tiempo se diluye. Resignifica el valor de la siesta. 19 h &#8211; Presentación de libro Lugar: CEC (Paseo de las Artes y el río). Zona Stand de Galería Jamaica. Perdura en mí la lejanía sobre la obra de Luis Ouvrard, junto a Calvaresi y T.R.I.P.A. 20 h &#8211; Activación Lugar: Diego Obligado Galería de Arte (Güemes 2255). Exposición 1992. Artistas: Andrea Ostera, Anselmo Piccoli, Jorge Vila Ortiz. Curaduría: Clarisa Appendino 22 h &#8211; Activación Lugar: Subsuelo (Balcarce 238). Presentación de la Carpeta Gráfica Rosa Aragone + Brindis. Entrada libre y gratuita. Sábado 21 10 h &#8211; Activación Lugar: Galería de Arte Local 15 (Pasaje Pan &#8211; Córdoba 954). Bodegón de Juan Balaguer, desayuno y muestra de trastienda. Conversación con artistas. 11 h &#8211; Activación Lugar: Galería Gabelich Contemporáneo (San Juan 911). Muestra Una nube rosa de dibujos, artistas varios + brunch. 15 a 20 h &#8211; MicroFeria Lugar: CEC (Paseo de las Artes y el río). Abierta al público en general con entrada libre y gratuita. 16 h &#8211;  Activación Espacio Sacco Lugar: CEC (Paseo de las Artes y el río). Mesa de estampado en serigrafía (gráfica y textil) de la obra de la artista Julia Bartulovich junto al Taller de Grabado I (Comisión A) de la Escuela de Bellas Artes, FHUMyA, UNR. Quienes deseen participar pueden traer una prenda o algo para estampar. Actividad gratuita para el público en general. 17 h &#8211; Visita guiada Lugar: CEC (Paseo de las Artes y el río). Punto de encuentro: Auditorio. ¿Cuánto cuesta una obra? Actividad gratuita para el público en general. 18 h &#8211; Entrega de premios Lugar: CEC (Paseo de las Artes y el río). Zona Auditorio. Se realizará un acto de entrega de Premio in situ y Premio Pascual. 18 h &#8211; Encuentro de CaFe: Calendario Feria Lugar: CEC (Paseo de las Artes y el río). Zona auditorio. Representantes de las ferias de arte del país
