{"version":"1.0","provider_name":"CEC","provider_url":"https:\/\/www.cecrosario.gob.ar","author_name":"Magali Drivet","author_url":"https:\/\/www.cecrosario.gob.ar\/index.php\/author\/maguidrivet\/","title":"MicroFeria de Arte Rosario - CEC","type":"rich","width":600,"height":338,"html":"<blockquote class=\"wp-embedded-content\" data-secret=\"aMUna4mzBf\"><a href=\"https:\/\/www.cecrosario.gob.ar\/index.php\/events\/microferia-de-arte-rosario\/\">MicroFeria de Arte Rosario<\/a><\/blockquote><iframe sandbox=\"allow-scripts\" security=\"restricted\" src=\"https:\/\/www.cecrosario.gob.ar\/index.php\/events\/microferia-de-arte-rosario\/embed\/#?secret=aMUna4mzBf\" width=\"600\" height=\"338\" title=\"\u00abMicroFeria de Arte Rosario\u00bb \u2014 CEC\" data-secret=\"aMUna4mzBf\" frameborder=\"0\" marginwidth=\"0\" marginheight=\"0\" scrolling=\"no\" class=\"wp-embedded-content\"><\/iframe><script>\n\/*! This file is auto-generated *\/\n!function(d,l){\"use strict\";l.querySelector&&d.addEventListener&&\"undefined\"!=typeof URL&&(d.wp=d.wp||{},d.wp.receiveEmbedMessage||(d.wp.receiveEmbedMessage=function(e){var t=e.data;if((t||t.secret||t.message||t.value)&&!\/[^a-zA-Z0-9]\/.test(t.secret)){for(var s,r,n,a=l.querySelectorAll('iframe[data-secret=\"'+t.secret+'\"]'),o=l.querySelectorAll('blockquote[data-secret=\"'+t.secret+'\"]'),c=new RegExp(\"^https?:$\",\"i\"),i=0;i<o.length;i++)o[i].style.display=\"none\";for(i=0;i<a.length;i++)s=a[i],e.source===s.contentWindow&&(s.removeAttribute(\"style\"),\"height\"===t.message?(1e3<(r=parseInt(t.value,10))?r=1e3:~~r<200&&(r=200),s.height=r):\"link\"===t.message&&(r=new URL(s.getAttribute(\"src\")),n=new URL(t.value),c.test(n.protocol))&&n.host===r.host&&l.activeElement===s&&(d.top.location.href=t.value))}},d.addEventListener(\"message\",d.wp.receiveEmbedMessage,!1),l.addEventListener(\"DOMContentLoaded\",function(){for(var e,t,s=l.querySelectorAll(\"iframe.wp-embedded-content\"),r=0;r<s.length;r++)(t=(e=s[r]).getAttribute(\"data-secret\"))||(t=Math.random().toString(36).substring(2,12),e.src+=\"#?secret=\"+t,e.setAttribute(\"data-secret\",t)),e.contentWindow.postMessage({message:\"ready\",secret:t},\"*\")},!1)))}(window,document);\n\/\/# sourceURL=https:\/\/www.cecrosario.gob.ar\/wp-includes\/js\/wp-embed.min.js\n<\/script>\n","thumbnail_url":"https:\/\/www.cecrosario.gob.ar\/wp-content\/uploads\/2022\/05\/arte-scaled.jpg","thumbnail_width":2560,"thumbnail_height":1707,"description":"Llega una nueva edici\u00f3n de MicroFeria de Arte Rosario a El CEC. Del 26 al 28 de mayo de 15hs a 20hs te invitamos a recorrer galer\u00edas de arte de todo el pa\u00eds. Inauguraci\u00f3n Jueves 26 &#8211; 19hs con un recital en vivo de Manu Pir\u00f3. MicroFeria ofrece un espacio a galer\u00edas de arte que resultaron seleccionadas a trav\u00e9s de esta convocatoria que fue nacional y abierta bajo el eje curatorial Nuevas amistades. A su vez, se perfila como un encuentro para repensar distintos aspectos del arte contempor\u00e1neo y continuar impulsando la producci\u00f3n art\u00edstica de Rosario. Cuenta con 15 stands que albergan a 30 galer\u00edas de diferentes lugares del pa\u00eds. El objetivo es que las galer\u00edas participantes no est\u00e9n confinadas a un espacio cerrado sino que est\u00e9n abiertas a su entorno, lo que hace que su visibilidad sea \u00f3ptima desde casi cualquier punto del espacio. En esta edici\u00f3n participan las galer\u00edas: &#8211; Ruth Benzacar Galer\u00eda de Arte (Caba) + PM Galer\u00eda (Caba) &#8211; Galer\u00eda Grasa (Caba) + Pionera (Pinamar) &#8211; Ac\u00e9fala (Caba) + La Imagen Accesible (Mendoza) &#8211; Diego Obligado Galer\u00eda de Arte (Rosario) + Piedras (Caba) &#8211; Sputnik (Caba) + Julio Artist-Run Space (Par\u00eds) &#8211; El Mirador (Caba) + Moria Galer\u00eda (Caba) &#8211; Luogo (Rafaela) + Fulana (Taf\u00ed Viejo, Tucum\u00e1n) &#8211; Esaa (Unquillo, C\u00f3rdoba) + Abre (C\u00f3rdoba) &#8211; Mar\u00eda Casado (Beccar, Bs As) + Remota (Salta) &#8211; Subsuelo (Rosario) + Miranda Bosch Gallery (Caba) &#8211; Sat\u00e9lite (C\u00f3rdoba) + La Arte contempor\u00e1nea (Salta) &#8211; Herlitzka+Faria (Caba) + Hache (Caba) &#8211; Crudo (Rosario) + Quimera (Caba) &#8211; Desmayo (Rosario) + Rivoire (Rosario) &#8211; eSTUDIOG (Rosario) + Selvanegra (Caba) Del 26 al 28 de mayo. Entrada libre y gratuita. &nbsp; PROGRAMACI\u00d3N Jueves 26 de mayo 15 hs | CEC Apertura | MicroFeria de Arte Rosario 2022 19 hs | CEC Acto de apertura MicroFeria de Arte Rosario 2022 + Recital de Manu Pir\u00f3 Viernes 27 de mayo 15 hs | CEC Apertura | MicroFeria de Arte Rosario 2022 15 hs | Galp\u00f3n 11 Apertura Tinta Papel Ribera 18 hs | CEC Vinilo Caf\u00e9 Amistad con intereses: Estrategias de integraci\u00f3n al circuito del arte Conversan: Ana Let\u00edcia Fialho (Ana Let\u00edcia Fialho, s\u00f3cia directora de Al\u00e9m Consultor\u00eda em Cultura, investigadora experta en el mercado de arte, consultora de inteligencia comercial para la Plataforma Latitude: Programa de Promoci\u00f3n de las Galer\u00edas Brasile\u00f1as en el Exterior), Violeta Quesada (MERIDIANO: C\u00e1mara Argentina de Galer\u00edas de Arte Contempor\u00e1neo), Diego Obligado (GIRO: circuito de galer\u00edas Rosario) y Roberto Echen (Curador MicroFeria de Arte Rosario). 19 hs | CEC Vinilo Caf\u00e9 Historia de una ida y varias vueltas. Charla perform\u00e1tica por Facundo Diaz Es una charla que habla sobre los viajes de Facundo Diaz como artista y gestor por diferentes ciudades del pa\u00eds durante el per\u00edodo 2015 &#8211; 2022 dando cuenta desde sus experiencias atravesadas por el arte, la gesti\u00f3n y la poes\u00eda sobre las redes afectivas, diferentes escenas, busc\u00e1ndole sentido a trav\u00e9s de las pr\u00e1cticas a la historia del arte m\u00e1s reciente. S\u00e1bado\u00a028 de mayo 15 hs | CEC &#8211; Apertura | MicroFeria de Arte Rosario 2022 15 hs | Galp\u00f3n 11 &#8211; Apertura Tinta Papel Ribera &nbsp; &nbsp; &nbsp; &nbsp;"}

Llega una nueva edición de MicroFeria de Arte Rosario a El CEC. Del 26 al 28 de mayo de 15hs a 20hs te invitamos a recorrer galerías de arte de todo el país. Inauguración Jueves 26 &#8211; 19hs con un recital en vivo de Manu Piró. MicroFeria ofrece un espacio a galerías de arte que resultaron seleccionadas a través de esta convocatoria que fue nacional y abierta bajo el eje curatorial Nuevas amistades. A su vez, se perfila como un encuentro para repensar distintos aspectos del arte contemporáneo y continuar impulsando la producción artística de Rosario. Cuenta con 15 stands que albergan a 30 galerías de diferentes lugares del país. El objetivo es que las galerías participantes no estén confinadas a un espacio cerrado sino que estén abiertas a su entorno, lo que hace que su visibilidad sea óptima desde casi cualquier punto del espacio. En esta edición participan las galerías: &#8211; Ruth Benzacar Galería de Arte (Caba) + PM Galería (Caba) &#8211; Galería Grasa (Caba) + Pionera (Pinamar) &#8211; Acéfala (Caba) + La Imagen Accesible (Mendoza) &#8211; Diego Obligado Galería de Arte (Rosario) + Piedras (Caba) &#8211; Sputnik (Caba) + Julio Artist-Run Space (París) &#8211; El Mirador (Caba) + Moria Galería (Caba) &#8211; Luogo (Rafaela) + Fulana (Tafí Viejo, Tucumán) &#8211; Esaa (Unquillo, Córdoba) + Abre (Córdoba) &#8211; María Casado (Beccar, Bs As) + Remota (Salta) &#8211; Subsuelo (Rosario) + Miranda Bosch Gallery (Caba) &#8211; Satélite (Córdoba) + La Arte contemporánea (Salta) &#8211; Herlitzka+Faria (Caba) + Hache (Caba) &#8211; Crudo (Rosario) + Quimera (Caba) &#8211; Desmayo (Rosario) + Rivoire (Rosario) &#8211; eSTUDIOG (Rosario) + Selvanegra (Caba) Del 26 al 28 de mayo. Entrada libre y gratuita. &nbsp; PROGRAMACIÓN Jueves 26 de mayo 15 hs | CEC Apertura | MicroFeria de Arte Rosario 2022 19 hs | CEC Acto de apertura MicroFeria de Arte Rosario 2022 + Recital de Manu Piró Viernes 27 de mayo 15 hs | CEC Apertura | MicroFeria de Arte Rosario 2022 15 hs | Galpón 11 Apertura Tinta Papel Ribera 18 hs | CEC Vinilo Café Amistad con intereses: Estrategias de integración al circuito del arte Conversan: Ana Letícia Fialho (Ana Letícia Fialho, sócia directora de Além Consultoría em Cultura, investigadora experta en el mercado de arte, consultora de inteligencia comercial para la Plataforma Latitude: Programa de Promoción de las Galerías Brasileñas en el Exterior), Violeta Quesada (MERIDIANO: Cámara Argentina de Galerías de Arte Contemporáneo), Diego Obligado (GIRO: circuito de galerías Rosario) y Roberto Echen (Curador MicroFeria de Arte Rosario). 19 hs | CEC Vinilo Café Historia de una ida y varias vueltas. Charla performática por Facundo Diaz Es una charla que habla sobre los viajes de Facundo Diaz como artista y gestor por diferentes ciudades del país durante el período 2015 &#8211; 2022 dando cuenta desde sus experiencias atravesadas por el arte, la gestión y la poesía sobre las redes afectivas, diferentes escenas, buscándole sentido a través de las prácticas a la historia del arte más reciente. Sábado 28 de mayo 15 hs | CEC &#8211; Apertura | MicroFeria de Arte Rosario 2022 15 hs | Galpón 11 &#8211; Apertura Tinta Papel Ribera &nbsp; &nbsp; &nbsp; &nbsp;
