{"version":"1.0","provider_name":"CEC","provider_url":"https:\/\/www.cecrosario.gob.ar","author_name":"Magali Drivet","author_url":"https:\/\/www.cecrosario.gob.ar\/index.php\/author\/maguidrivet\/","title":"Feria de moda circular - CEC","type":"rich","width":600,"height":338,"html":"<blockquote class=\"wp-embedded-content\" data-secret=\"WbfO05JVJr\"><a href=\"https:\/\/www.cecrosario.gob.ar\/index.php\/events\/feria-de-moda-circular-2\/\">Feria de moda circular<\/a><\/blockquote><iframe sandbox=\"allow-scripts\" security=\"restricted\" src=\"https:\/\/www.cecrosario.gob.ar\/index.php\/events\/feria-de-moda-circular-2\/embed\/#?secret=WbfO05JVJr\" width=\"600\" height=\"338\" title=\"\u00abFeria de moda circular\u00bb \u2014 CEC\" data-secret=\"WbfO05JVJr\" frameborder=\"0\" marginwidth=\"0\" marginheight=\"0\" scrolling=\"no\" class=\"wp-embedded-content\"><\/iframe><script>\n\/*! This file is auto-generated *\/\n!function(d,l){\"use strict\";l.querySelector&&d.addEventListener&&\"undefined\"!=typeof URL&&(d.wp=d.wp||{},d.wp.receiveEmbedMessage||(d.wp.receiveEmbedMessage=function(e){var t=e.data;if((t||t.secret||t.message||t.value)&&!\/[^a-zA-Z0-9]\/.test(t.secret)){for(var s,r,n,a=l.querySelectorAll('iframe[data-secret=\"'+t.secret+'\"]'),o=l.querySelectorAll('blockquote[data-secret=\"'+t.secret+'\"]'),c=new RegExp(\"^https?:$\",\"i\"),i=0;i<o.length;i++)o[i].style.display=\"none\";for(i=0;i<a.length;i++)s=a[i],e.source===s.contentWindow&&(s.removeAttribute(\"style\"),\"height\"===t.message?(1e3<(r=parseInt(t.value,10))?r=1e3:~~r<200&&(r=200),s.height=r):\"link\"===t.message&&(r=new URL(s.getAttribute(\"src\")),n=new URL(t.value),c.test(n.protocol))&&n.host===r.host&&l.activeElement===s&&(d.top.location.href=t.value))}},d.addEventListener(\"message\",d.wp.receiveEmbedMessage,!1),l.addEventListener(\"DOMContentLoaded\",function(){for(var e,t,s=l.querySelectorAll(\"iframe.wp-embedded-content\"),r=0;r<s.length;r++)(t=(e=s[r]).getAttribute(\"data-secret\"))||(t=Math.random().toString(36).substring(2,12),e.src+=\"#?secret=\"+t,e.setAttribute(\"data-secret\",t)),e.contentWindow.postMessage({message:\"ready\",secret:t},\"*\")},!1)))}(window,document);\n\/\/# sourceURL=https:\/\/www.cecrosario.gob.ar\/wp-includes\/js\/wp-embed.min.js\n<\/script>\n","thumbnail_url":"https:\/\/www.cecrosario.gob.ar\/wp-content\/uploads\/2025\/07\/FERIA-DE-MODA-CIRCULAR-CEC.png","thumbnail_width":900,"thumbnail_height":600,"description":"En el marco de la iniciativa de Dise\u00f1o Local Rosario, vuelve la feria de productos de moda circular. Puestos de ropa vintage, prendas customizadas, accesorios y m\u00e1s; buscando promover la reutilizaci\u00f3n de materiales y la sostenibilidad. Una tarde para encontrar prendas con identidad y armar looks originales y sustentables. Adem\u00e1s m\u00fasica y gastronom\u00eda.\u00a0 Domingo 14 de septiembre Desde las 15h &#8211; Gratis Participan: Backtothefuture Feria \u2013 Vainilla y canela vintage \u2013 \u2060Feria Maluca Vintage \u00a0\u2013 341vintage \u2013 \u2060Ropita Carmen \u2013 La Buena Pipa \u2013 Akane \u2013\u00a0 \u2060Pivot \u00a0\u2013 Catalina Indumentaria \u2013 La Paka \u2013 Retrocool Rosario \u2013 Chi Retro \u2013 A puro vintage \u2013 Plantasia Feria \u2013\u00a0 Frikichetoferia \u2013 \u2060Domi Star \u2013 Maitriindian \u2013 Vuelve, todo vuelve \u2013 Wabi Wave\u00a0 \u2013 Barroyloto (elroperitodelfindelmundo)\u00a0 \u2013 Mima Vintart \u2013 \u2060Ecomoda \u2013 Devo Vintage \u2013 Almendra Feria \u2013 Sabor a bis \u2013 Osmosis feria \u2013 \u2060Alta Pinta \u2013 Arroparte Feria \u2013 Plumeti \u2013\u00a0 \u2060Feria Romana \u2013 Tienda Oriana"}

En el marco de la iniciativa de Diseño Local Rosario, vuelve la feria de productos de moda circular. Puestos de ropa vintage, prendas customizadas, accesorios y más; buscando promover la reutilización de materiales y la sostenibilidad. Una tarde para encontrar prendas con identidad y armar looks originales y sustentables. Además música y gastronomía.  Domingo 14 de septiembre Desde las 15h &#8211; Gratis Participan: Backtothefuture Feria – Vainilla y canela vintage – ⁠Feria Maluca Vintage  – 341vintage – ⁠Ropita Carmen – La Buena Pipa – Akane –  ⁠Pivot  – Catalina Indumentaria – La Paka – Retrocool Rosario – Chi Retro – A puro vintage – Plantasia Feria –  Frikichetoferia – ⁠Domi Star – Maitriindian – Vuelve, todo vuelve – Wabi Wave  – Barroyloto (elroperitodelfindelmundo)  – Mima Vintart – ⁠Ecomoda – Devo Vintage – Almendra Feria – Sabor a bis – Osmosis feria – ⁠Alta Pinta – Arroparte Feria – Plumeti –  ⁠Feria Romana – Tienda Oriana
